1041 - 107?
-21148
In base 16, what is c - 2861e?
-28612
In base 4, what is -10 + 101022301303?
101022301233
In base 16, what is 9c457 + 93?
9c4ea
In base 15, what is 8ca2 - -26c4?
b476
In base 2, what is -10011110 + -111000110110110000000?
-111000110111000011110
In base 13, what is 232 + 6c97?
71c9
In base 4, what is 13212000011 - 10?
13212000001
In base 8, what is -7676032 + 225?
-7675605
In base 6, what is -3 + 4020112221?
4020112214
In base 8, what is -1364 - 542246?
-543632
In base 11, what is 68 - -2a019?
2a086
In base 14, what is 406ca + 3485?
43b71
In base 5, what is -243410 - 13420?
-312330
In base 4, what is 300201030301 + 10?
300201030311
In base 4, what is -212110 - -3132?
-202312
In base 4, what is -210 - 2112123130?
-2112130000
In base 15, what is -1 - -4ad2505?
4ad2504
In base 2, what is 111011011001 - -1000100011001?
1111111110010
In base 5, what is 12120434 - -12?
12121001
In base 4, what is -232120 + 22201?
-203313
In base 9, what is -228 - -43701?
43462
In base 7, what is 301244 - -114?
301361
In base 10, what is -16281 - 280?
-16561
In base 3, what is -12000110201022111 - -2?
-12000110201022102
In base 13, what is 11 + -ab9241?
-ab9230
In base 15, what is -12e3 - 2071?
-3364
In base 9, what is -583152173 + -4?
-583152177
In base 5, what is 141240033 - -31?
141240114
In base 15, what is -3b9 - 78388?
-78752
In base 8, what is -2254 + -6236?
-10512
In base 5, what is 1 + -331334411411?
-331334411410
In base 14, what is 5c637 - -136?
5c76d
In base 2, what is 101 + 1001100010000000000001010110?
1001100010000000000001011011
In base 7, what is -35 - -164061263?
164061225
In base 10, what is 2444 - 10316?
-7872
In base 7, what is -3325 + -66362?
-103020
In base 11, what is 0 - -9823395?
9823395
In base 14, what is 1 - -151304?
151305
In base 5, what is -14 - 210220222020?
-210220222034
In base 11, what is -250 - -74955?
74705
In base 3, what is -110212202 + 210000?
-110002202
In base 5, what is -22240 + 104102043?
104024303
In base 4, what is 10101112013 + -1?
10101112012
In base 11, what is -a76403 - -6?
-a763a8
In base 9, what is 353 - 1568447?
-1568084
In base 3, what is -1002000 + -2210221?
-10212221
In base 7, what is -62565013 + 1?
-62565012
In base 10, what is -35934335 - -3?
-35934332
In base 14, what is 2 - -b6ac8d5?
b6ac8d7
In base 5, what is 0 + 202013314433?
202013314433
In base 14, what is 30 + -564a7?
-56477
In base 14, what is -4 + b25396c?
b253968
In base 2, what is -10111 - 11111001011011110?
-11111001011110101
In base 6, what is 10244 + 5435145?
5445433
In base 2, what is -1111111 + 1101011011101110?
1101011001101111
In base 8, what is -56210 - -251?
-55737
In base 6, what is 215221 - 53?
215124
In base 15, what is -7d40 + 27c?
-7ab3
In base 10, what is -3 - -2162293?
2162290
In base 2, what is -11101101110 - -1001011111111?
101110010001
In base 3, what is 110112122210121 - -11?
110112122210202
In base 15, what is -3b07b6 - 7?
-3b07bd
In base 14, what is -861 + b0c1?
a660
In base 2, what is -1000001100010100100101 - 1100111?
-1000001100010110001100
In base 15, what is 11116 + -3a?
110cb
In base 12, what is 2 - 30aba09?
-30aba07
In base 9, what is 57108 + 41687?
108806
In base 12, what is -1566786a4 + -1?
-1566786a5
In base 9, what is -8518 + 267052?
257433
In base 14, what is 72bba15 - -14?
72bba29
In base 16, what is -26a - 5ba7?
-5e11
In base 9, what is -65163 - 61?
-65234
In base 5, what is 22342340 - -113133?
23011023
In base 9, what is 11 - -674051?
674062
In base 8, what is 1 + -26276631?
-26276630
In base 8, what is 0 + -257527?
-257527
In base 12, what is -4 - 312522b?
-3125233
In base 10, what is -11842272 - -3?
-11842269
In base 4, what is -1001203313 + -11030?
-1001221003
In base 7, what is 52345 - 5402?
43643
In base 15, what is -172edc - b?
-172ee8
In base 11, what is 54194 + -72?
54122
In base 11, what is -19762 + 276?
-19497
In base 10, what is -158355 + -79?
-158434
In base 4, what is -300302 + -301033231?
-302000133
In base 12, what is -2060a1882 + -2?
-2060a1884
In base 11, what is -115 - 781849?
-781963
In base 13, what is 4 + 604a51?
604a55
In base 5, what is -32124233 - 44?
-32124332
In base 10, what is 1 + 3739504?
3739505
In base 10, what is 8 - -2718871?
2718879
In base 16, what is -3 + 8094e0?
8094dd
In base 5, what is -1314312 + 311111?
-1003201
In base 13, what is 108980 + -77?
108906
In base 15, what is -8d - e7ade?
-e7b7c
In base 3, what is -1 + -22002222122002020?
-22002222122002021
In base 10, what is -630 + 2360428?
2359798
In base 9, what is 6 - 8002552?
-8002545
In base 11, what is 5 - -120a1754?
120a1759
In base 6, what is 25515 + -1514545?
-1445030
In base 4, what is -1 - -2223200132201?
2223200132200
In base 12, what is 5 + 215655b0?
215655b5
In base 8, what is -5 + -521171526?
-521171533
In base 14, what is 6c990594 + 1?
6c990595
In base 3, what is 12222202202002122 + -11?
12222202202002111
In base 3, what is 1122 + -1021211020112?
-1021211011220
In base 9, what is -144305 - 161?
-144466
In base 5, what is -33203 + -2014310?
-2103013
In base 14, what is -929b2a6d + -3?
-929b2a72
In base 14, what is -110b2 + 564?
-1094c
In base 12, what is 96b99 - 1b1?
969a8
In base 8, what is 767237 + -355?
766662
In base 11, what is 1 - -26299351?
26299352
In base 11, what is -111613a61 - -3?
-111613a59
In base 5, what is 3 - 2101030134?
-2101030131
In base 9, what is -785073806 + 3?
-785073803
In base 15, what is -eb67a - 29?
-eb6a4
In base 9, what is -11375 + 177001?
165515
In base 15, what is -47b6b + 8?
-47b63
In base 11, what is 3924 - 4925?
-1001
In base 15, what is -1cd5 - 8d4?
-26b9
In base 7, what is 166 + -464441?
-464242
In base 10, what is -24466 + 185?
-24281
In base 7, what is 1133553 + -100?
1133453
In base 15, what is 5 - -54b30ea?
54b3100
In base 10, what is 427 + 81408?
81835
In base 5, what is -11042110 - 1022?
-11043132
In base 6, what is -54324045 - -233?
-54323412
In base 4, what is 11200021230 - -2?
11200021232
In base 5, what is 3 + 411300322?
411300330
In base 6, what is 1213150251 + -13?
1213150234
In base 5, what is -3021141 - 203324?
-3230020
In base 5, what is -1340100 - 141?
-1340241
In base 3, what is -110212000210110020 - -11?
-110212000210110002
In base 14, what is 13d + -15da0?
-15c61
In base 4, what is 2120221032133 - 1?
2120221032132
In base 2, what is 100110100010011010111101001000 + 11?
100110100010011010111101001011
In base 2, what is -10011101101000 - -1001111111101?
-1001101101011
In base 8, what is -11 - 72011150?
-72011161
In base 4, what is -230 + -30323111?
-30330001
In base 10, what is 27 - -22777540?
22777567
In base 7, what is -1300 - 114051?
-115351
In base 12, what is -317b - 987?
-3b46
In base 11, what is -154 + 228941?
228798
In base 6, what is 4 - 3431324023?
-3431324015
In base 6, what is 1513 - -443342?
445255
In base 16, what is -1574 + -369f?
-4c13
In base 6, what is 10552521 + -201?
10552320
In base 5, what is 12340212030 + -111?
12340211414
In base 2, what is -10001010 + -1011011101010111?
-1011011111100001
In base 14, what is 1 - -154a592?
154a593
In base 6, what is 4555503 - -115?
5000022
In base 5, what is -3200320 + -330?
-3201200
In base 5, what is -2 - -43211211310?
43211211303
In base 8, what is -25754 - -137575?
111621
In base 8, what is -750552 + -57?
-750631
In base 12, what is 183a4160 - -2?
183a4162
In base 15, what is -4 + d68e0e?
d68e0a
In base 5, what is 4 + 210230444?
210231003
In base 3, what is -120 + -11210121120200?
-11210121121020
In base 7, what is -10542441 - -112?
-10542326
In base 2, what is 11111101110111111 + 11110011101?
100000001101011100
In base 6, what is 11 + 433303303?
433303314
In base 12, what is 5962a1b1 - -2?
5962a1b3
In base 5, what is 20423 - 30443224?
-30422301
In base 14, what is -3 - 23023a8?
-23023ab
In base 5, what is -232304 + 34213?
-143041
In base 3, what is 110011 + 12121000?
20001011
In base 16, what is ef + 25c71?
25d60
In base 16, what is -96 + -2e1c8?
-2e25e
In base 14, what is 19109 + -72d?
187ba
In base 6, what is 511113403 - -313?
511114120
In base 14, what is dcd4 + 9a?
dd90
In base 6, what is -11013114 + -504?
-11014022
In base 16, what is 2d - -cdd0b?
cdd38
In base 16, what is d + 1730f8?
173105
In base 6, what is 0 - -1310514205?
1310514205
In base 13, what is 72a4 + 460